he thousands digit of 4021015?
1
What is the thousands digit of 9812693?
2
What is the ten thousands digit of 12465398?
6
What is the thousands digit of 10663479?
3
What is the hundred thousands digit of 7537151?
5
What is the hundred thousands digit of 4958845?
9
What is the hundreds digit of 6248166?
1
What is the hundreds digit of 123001?
0
What is the hundreds digit of 281753?
7
What is the hundred thousands digit of 5334174?
3
What is the hundred thousands digit of 296859?
2
What is the hundreds digit of 176527?
5
What is the hundreds digit of 37164?
1
What is the units digit of 9002465?
5
What is the tens digit of 341714?
1
What is the hundreds digit of 1399421?
4
What is the ten thousands digit of 5975093?
7
What is the units digit of 7400878?
8
What is the tens digit of 579596?
9
What is the units digit of 2310130?
0
What is the tens digit of 13253812?
1
What is the ten thousands digit of 37179492?
7
What is the hundred thousands digit of 207076?
2
What is the millions digit of 1928639?
1
What is the thousands digit of 2485806?
5
What is the hundred thousands digit of 104283?
1
What is the tens digit of 6350849?
4
What is the ten thousands digit of 1033284?
3
What is the thousands digit of 1927812?
7
What is the hundred thousands digit of 258707?
2
What is the hundreds digit of 7833390?
3
What is the units digit of 17506?
6
What is the hundreds digit of 212860?
8
What is the units digit of 3017648?
8
What is the hundred thousands digit of 192920?
1
What is the ten thousands digit of 201103?
0
What is the ten thousands digit of 285897?
8
What is the ten thousands digit of 9302088?
0
What is the units digit of 12103165?
5
What is the tens digit of 22359373?
7
What is the ten thousands digit of 90778?
9
What is the hundreds digit of 252731?
7
What is the thousands digit of 35536?
5
What is the ten thousands digit of 314007?
1
What is the units digit of 3215909?
9
What is the ten thousands digit of 403891?
0
What is the thousands digit of 173147?
3
What is the ten thousands digit of 668136?
6
What is the hundreds digit of 8835165?
1
What is the ten thousands digit of 950928?
5
What is the ten thousands digit of 370582?
7
What is the ten thousands digit of 2026748?
2
What is the ten thousands digit of 190283?
9
What is the tens digit of 10927?
2
What is the thousands digit of 192861?
2
What is the ten thousands digit of 376187?
7
What is the tens digit of 22677373?
7
What is the ten thousands digit of 4801080?
0
What is the ten millions digit of 11431587?
1
What is the units digit of 262739?
9
What is the thousands digit of 630791?
0
What is the ten thousands digit of 346068?
4
What is the hundreds digit of 3889881?
8
What is the hundred thousands digit of 837034?
8
What is the thousands digit of 11956474?
6
What is the hundreds digit of 591653?
6
What is the units digit of 334136?
6
What is the hundreds digit of 249145?
1
What is the ten thousands digit of 465345?
6
What is the ten thousands digit of 418931?
1
What is the hundreds digit of 5532713?
7
What is the hundred thousands digit of 10819621?
8
What is the hundreds digit of 15901968?
9
What is the hundred thousands digit of 302776?
3
What is the tens digit of 10702184?
8
What is the tens digit of 96358?
5
What is the units digit of 35709?
9
What is the thousands digit of 1447474?
7
What is the hundred thousands digit of 114653?
1
What is the hundreds digit of 1148870?
8
What is the units digit of 1151415?
5
What is the millions digit of 2850037?
2
What is the ten thousands digit of 2427914?
2
What is the hundreds digit of 212428?
4
What is the millions digit of 22392629?
2
What is the units digit of 9672?
2
What is the thousands digit of 4359932?
9
What is the millions digit of 3572944?
3
What is the tens digit of 551690?
9
What is the tens digit of 176679?
7
What is the ten thousands digit of 2953813?
5
What is the ten thousands digit of 138524?
3
What is the hundred thousands digit of 1630859?
6
What is the thousands digit of 78614?
8
What is the units digit of 724625?
5
What is the tens digit of 394691?
9
What is the millions digit of 4538812?
4
What is the ten thousands digit of 1366378?
6
What is the hundreds digit of 1996879?
8
What is the tens digit of 71652?
5
What is the thousands digit of 814122?
4
What is the hundred thousands digit of 28231415?
2
What is the hundreds digit of 324577?
5
What is the tens digit of 3566266?
6
What is the tens digit of 7302001?
0
What is the tens digit of 296286?
8
What is the hundreds digit of 297893?
8
What is the units digit of 1664336?
6
What is the thousands digit of 6358081?
8
What is the units digit of 1619982?
2
What is the ten thousands digit of 709422?
0
What is the ten thousands digit of 3155542?
5
What is the thousands digit of 283365?
3
What is the hundreds digit of 3391052?
0
What is the thousands digit of 26871826?
1
What is the hundreds digit of 1462793?
7
What is the ten thousands digit of 69911?
6
What is the hundreds digit of 695393?
3
What is the ten thousands digit of 31529475?
2
What is the thousands digit of 503216?
3
What is the hundred thousands digit of 1965084?
9
What is the units digit of 40982?
2
What is the units digit of 7344443?
3
What is the units digit of 740390?
0
What is the millions digit of 4746004?
4
What is the millions digit of 5845920?
5
What is the ten thousands digit of 134916?
3
What is the hundreds digit of 171010?
0
What is the ten thousands digit of 12465225?
6
What is the hundreds digit of 11748074?
0
What is the tens digit of 57549?
4
What is the hundreds digit of 237237?
2
What is the hundreds digit of 1014822?
8
What is the ten thousands digit of 1456644?
5
What is the ten thousands digit of 624142?
2
What is the ten thousands digit of 17380383?
8
What is the thousands digit of 7160601?
0
What is the thousands digit of 13361?
3
What is the hundreds digit of 2349622?
6
What is the units digit of 119806?
6
What is the tens digit of 2234220?
2
What is the tens digit of 1674370?
7
What is the hundreds digit of 2308481?
4
What is the hundred thousands digit of 208325?
2
What is the ten thousands digit of 12785912?
8
What is the tens digit of 1325055?
5
What is the thousands digit of 45122?
5
What is the units digit of 43308?
8
What is the hundreds digit of 1455940?
9
What is the units digit of 333108?
8
What is the hundred thousands digit of 8735870?
7
What is the units digit of 273688?
8
What is the thousands digit of 7002457?
2
What is the hundreds digit of 23823026?
0
What is the thousands digit of 40870846?
0
What is the hundreds digit of 267549?
5
What is the ten thousands digit of 4349197?
4
What is the units digit of 598227?
7
What is the hundred thousands digit of 11009466?
0
What is the hundreds digit of 3642484?
4
What is the hundreds digit of 92245?
2
What is the millions digit of 10529541?
0
What is the thousands digit of 182897?
2
What is the millions digit of 9575522?
9
What is the hundreds digit of 281710?
7
What is the tens digit of 456170?
7
What is the millions digit of 8081085?
8
What is the units digit of 442132?
2
What is the hundred thousands digit of 170961?
1
What is the hundred thousands digit of 545180?
5
What is the hundred thousands digit of 267128?
2
What is the ten thousands digit of 903082?
0
What is the thousands digit of 446837?
6
What is the units digit of 852093?
3
What is the units digit of 32506072?
2
What is the thousands digit of 16885?
6
What is the ten thousands digit of 29843362?
4
What is the thousands digit of 2905022?
5
What is the millions digit of 5459432?
5
What is the units digit of 4628794?
4
What is the ten thousands digit of 221206?
2
What is the millions digit of 6459576?
6
What is the thousands digit of 458442?
8
What is the ten thousands digit of 12571656?
7
What is the hundreds digit of 1232793?
7
What is the thousands digit of 914780?
4
What is the units digit of 739729?
9
What is the millions digit of 1221748?
1
What is the tens digit of 2531530?
3
What is the units digit of 219376?
6
What is the ten thousands digit of 2922479?
2
What is the ten thousands digit of 1486920?
8
What is the hundreds digit of 415440?
4
What is the tens digit of 7962053?
5
What is the millions digit of 5359022?
5
What is the ten thousands digit of 10681083?
